[INFO] fetching crate pluto 0.0.2...
[INFO] checking pluto-0.0.2 against master#af3c6e733a40e671550e0f0f5aeecaa13772ba56 for pr-74989
[INFO] extracting crate pluto 0.0.2 into /workspace/builds/worker-3/source
[INFO] validating manifest of crates.io crate pluto 0.0.2 on toolchain af3c6e733a40e671550e0f0f5aeecaa13772ba56
[INFO] running `Command { std: "/workspace/cargo-home/bin/cargo" "+af3c6e733a40e671550e0f0f5aeecaa13772ba56" "read-manifest" "--manifest-path" "Cargo.toml", kill_on_drop: false }`
[INFO] started tweaking crates.io crate pluto 0.0.2
[INFO] finished tweaking crates.io crate pluto 0.0.2
[INFO] tweaked toml for crates.io crate pluto 0.0.2 written to /workspace/builds/worker-3/source/Cargo.toml
[INFO] running `Command { std: "/workspace/cargo-home/bin/cargo" "+af3c6e733a40e671550e0f0f5aeecaa13772ba56" "generate-lockfile" "--manifest-path" "Cargo.toml" "-Zno-index-update", kill_on_drop: false }`
[INFO] running `Command { std: "/workspace/cargo-home/bin/cargo" "+af3c6e733a40e671550e0f0f5aeecaa13772ba56" "fetch" "--locked" "--manifest-path" "Cargo.toml", kill_on_drop: false }`
[INFO] running `Command { std: "docker" "create" "-v" "/var/lib/crater-agent-workspace/builds/worker-3/target:/opt/rustwide/target:rw,Z" "-v" "/var/lib/crater-agent-workspace/builds/worker-3/source:/opt/rustwide/workdir:ro,Z" "-v" "/var/lib/crater-agent-workspace/cargo-home:/opt/rustwide/cargo-home:ro,Z" "-v" "/var/lib/crater-agent-workspace/rustup-home:/opt/rustwide/rustup-home:ro,Z" "-e" "SOURCE_DIR=/opt/rustwide/workdir" "-e" "CARGO_TARGET_DIR=/opt/rustwide/target" "-e" "CARGO_HOME=/opt/rustwide/cargo-home" "-e" "RUSTUP_HOME=/opt/rustwide/rustup-home" "-w" "/opt/rustwide/workdir" "-m" "1610612736" "--user" "0:0" "--network" "none" "rustops/crates-build-env@sha256:d92eaeed33fa75130ca1ee6c8a01d1ffb62bac859dfdfb3450e3e5d1c0146529" "/opt/rustwide/cargo-home/bin/cargo" "+af3c6e733a40e671550e0f0f5aeecaa13772ba56" "metadata" "--no-deps" "--format-version=1", kill_on_drop: false }`
[INFO] [stderr] WARNING: Your kernel does not support swap limit capabilities or the cgroup is not mounted. Memory limited without swap.
[INFO] [stdout] de139b0e1efb861d7436a6c8c67584b2ef705f5291a66730b99edf945b56e4d0
[INFO] running `Command { std: "docker" "start" "-a" "de139b0e1efb861d7436a6c8c67584b2ef705f5291a66730b99edf945b56e4d0", kill_on_drop: false }`
[INFO] running `Command { std: "docker" "inspect" "de139b0e1efb861d7436a6c8c67584b2ef705f5291a66730b99edf945b56e4d0", kill_on_drop: false }`
[INFO] running `Command { std: "docker" "rm" "-f" "de139b0e1efb861d7436a6c8c67584b2ef705f5291a66730b99edf945b56e4d0", kill_on_drop: false }`
[INFO] [stdout] de139b0e1efb861d7436a6c8c67584b2ef705f5291a66730b99edf945b56e4d0
[INFO] running `Command { std: "docker" "create" "-v" "/var/lib/crater-agent-workspace/builds/worker-3/target:/opt/rustwide/target:rw,Z" "-v" "/var/lib/crater-agent-workspace/builds/worker-3/source:/opt/rustwide/workdir:ro,Z" "-v" "/var/lib/crater-agent-workspace/cargo-home:/opt/rustwide/cargo-home:ro,Z" "-v" "/var/lib/crater-agent-workspace/rustup-home:/opt/rustwide/rustup-home:ro,Z" "-e" "SOURCE_DIR=/opt/rustwide/workdir" "-e" "CARGO_TARGET_DIR=/opt/rustwide/target" "-e" "CARGO_INCREMENTAL=0" "-e" "RUST_BACKTRACE=full" "-e" "RUSTFLAGS=--cap-lints=forbid" "-e" "CARGO_HOME=/opt/rustwide/cargo-home" "-e" "RUSTUP_HOME=/opt/rustwide/rustup-home" "-w" "/opt/rustwide/workdir" "-m" "1610612736" "--user" "0:0" "--network" "none" "rustops/crates-build-env@sha256:d92eaeed33fa75130ca1ee6c8a01d1ffb62bac859dfdfb3450e3e5d1c0146529" "/opt/rustwide/cargo-home/bin/cargo" "+af3c6e733a40e671550e0f0f5aeecaa13772ba56" "check" "--frozen" "--all" "--all-targets" "--message-format=json", kill_on_drop: false }`
[INFO] [stdout] 3682851e9b6d4d4ac6d806ac55f5bec5f6ef0fe0bb07897ee6674cd9423d4507
[INFO] [stderr] WARNING: Your kernel does not support swap limit capabilities or the cgroup is not mounted. Memory limited without swap.
[INFO] running `Command { std: "docker" "start" "-a" "3682851e9b6d4d4ac6d806ac55f5bec5f6ef0fe0bb07897ee6674cd9423d4507", kill_on_drop: false }`
[INFO] [stderr]    Compiling libc v0.2.77
[INFO] [stderr]    Compiling version_check v0.1.5
[INFO] [stderr]    Compiling log v0.4.11
[INFO] [stderr]     Checking matches v0.1.8
[INFO] [stderr]     Checking tinyvec v0.3.4
[INFO] [stderr]    Compiling httparse v1.3.4
[INFO] [stderr]     Checking percent-encoding v1.0.1
[INFO] [stderr]    Compiling version_check v0.9.2
[INFO] [stderr]     Checking rustc-serialize v0.3.24
[INFO] [stderr]     Checking modifier v0.1.0
[INFO] [stderr]    Compiling byteorder v1.3.4
[INFO] [stderr]    Compiling syn v1.0.40
[INFO] [stderr]     Checking traitobject v0.0.1
[INFO] [stderr]    Compiling const_fn v0.4.2
[INFO] [stderr]    Compiling proc-macro-hack v0.5.18
[INFO] [stderr]     Checking pest v0.3.3
[INFO] [stderr]     Checking sequence_trie v0.0.13
[INFO] [stderr]     Checking quick-error v1.2.3
[INFO] [stderr]     Checking hex v0.2.0
[INFO] [stderr]     Checking bufstream v0.1.4
[INFO] [stderr]     Checking route-recognizer v0.1.13
[INFO] [stderr]     Checking unsafe-any v0.4.2
[INFO] [stderr]     Checking error v0.1.9
[INFO] [stderr]     Checking unicode-bidi v0.3.4
[INFO] [stderr]     Checking unicode-bidi v0.2.6
[INFO] [stderr]     Checking unicode-normalization v0.1.13
[INFO] [stderr]     Checking typemap v0.3.3
[INFO] [stderr]     Checking walkdir v0.1.8
[INFO] [stderr]     Checking plugin v0.2.6
[INFO] [stderr]     Checking log v0.3.9
[INFO] [stderr]    Compiling standback v0.2.10
[INFO] [stderr]    Compiling time v0.2.19
[INFO] [stderr]    Compiling unicase v1.4.2
[INFO] [stderr]     Checking mime v0.2.6
[INFO] [stderr]     Checking hpack v0.2.0
[INFO] [stderr]     Checking phf_shared v0.7.15
[INFO] [stderr]    Compiling rand v0.4.6
[INFO] [stderr]     Checking phf v0.7.15
[INFO] [stderr]     Checking solicit v0.4.4
[INFO] [stderr]     Checking base64 v0.9.3
[INFO] [stderr]     Checking time v0.1.44
[INFO] [stderr]     Checking num_cpus v0.2.13
[INFO] [stderr]     Checking memchr v0.1.11
[INFO] [stderr]     Checking thread-id v2.0.0
[INFO] [stderr]     Checking num_cpus v1.13.0
[INFO] [stderr]     Checking dirs-sys v0.3.5
[INFO] [stderr]     Checking postgres v0.11.12
[INFO] [stderr]     Checking aho-corasick v0.5.3
[INFO] [stderr]     Checking thread_local v0.2.7
[INFO] [stderr]     Checking idna v0.1.5
[INFO] [stderr]     Checking dirs v2.0.2
[INFO] [stderr]     Checking term v0.6.1
[INFO] [stderr]    Compiling rand v0.3.23
[INFO] [stderr]     Checking regex v0.1.80
[INFO] [stderr]    Compiling phf_generator v0.7.15
[INFO] [stderr]    Compiling phf_codegen v0.7.15
[INFO] [stderr]     Checking uuid v0.2.3
[INFO] [stderr]     Checking url v1.7.2
[INFO] [stderr]    Compiling mime_guess v1.8.8
[INFO] [stderr]     Checking url v0.5.10
[INFO] [stderr]     Checking conduit-mime-types v0.7.3
[INFO] [stderr]     Checking handlebars v0.18.2
[INFO] [stderr]     Checking cookie v0.2.5
[INFO] [stderr]     Checking hyper v0.10.16
[INFO] [stderr]     Checking hyper v0.8.1
[INFO] [stderr]     Checking iron v0.6.1
[INFO] [stderr]     Checking iron v0.3.1
[INFO] [stderr]     Checking mount v0.1.0
[INFO] [stderr]     Checking handlebars-iron v0.15.3
[INFO] [stderr]     Checking router v0.1.1
[INFO] [stderr]     Checking staticfile v0.2.0
[INFO] [stderr]    Compiling time-macros-impl v0.1.1
[INFO] [stderr]     Checking time-macros v0.1.0
[INFO] [stderr]     Checking logger v0.0.3
[INFO] [stderr]     Checking pluto v0.0.2 (/opt/rustwide/workdir)
[INFO] [stdout] error[E0277]: expected a `Fn<(&mut iron::Request<'_, '_>,)>` closure, found `Logger`
[INFO] [stdout]   --> src/main.rs:86:23
[INFO] [stdout]    |
[INFO] [stdout] 86 |     chain.link_before(logger_before);
[INFO] [stdout]    |                       ^^^^^^^^^^^^^ expected an `Fn<(&mut iron::Request<'_, '_>,)>` closure, found `Logger`
[INFO] [stdout]    |
[INFO] [stdout]    = help: the trait `for<'r, 's, 't0> Fn<(&'r mut iron::Request<'s, 't0>,)>` is not implemented for `Logger`
[INFO] [stdout]    = note: required because of the requirements on the impl of `BeforeMiddleware` for `Logger`
[INFO] [stdout] 
[INFO] [stdout] 
[INFO] [stdout] error[E0277]: expected a `Fn<(&mut iron::Request<'_, '_>, iron::Response)>` closure, found `Logger`
[INFO] [stdout]   --> src/main.rs:87:22
[INFO] [stdout]    |
[INFO] [stdout] 87 |     chain.link_after(logger_after);
[INFO] [stdout]    |                      ^^^^^^^^^^^^ expected an `Fn<(&mut iron::Request<'_, '_>, iron::Response)>` closure, found `Logger`
[INFO] [stdout]    |
[INFO] [stdout]    = help: the trait `for<'r, 's, 't0> Fn<(&'r mut iron::Request<'s, 't0>, iron::Response)>` is not implemented for `Logger`
[INFO] [stdout]    = note: required because of the requirements on the impl of `AfterMiddleware` for `Logger`
[INFO] [stdout] 
[INFO] [stdout] 
[INFO] [stdout] error[E0277]: expected a `Fn<(&mut iron::Request<'_, '_>,)>` closure, found `Logger`
[INFO] [stdout]   --> src/main.rs:86:23
[INFO] [stdout]    |
[INFO] [stdout] 86 |     chain.link_before(logger_before);
[INFO] [stdout]    |                       ^^^^^^^^^^^^^ expected an `Fn<(&mut iron::Request<'_, '_>,)>` closure, found `Logger`
[INFO] [stdout]    |
[INFO] [stdout]    = help: the trait `for<'r, 's, 't0> Fn<(&'r mut iron::Request<'s, 't0>,)>` is not implemented for `Logger`
[INFO] [stdout]    = note: required because of the requirements on the impl of `BeforeMiddleware` for `Logger`
[INFO] [stdout] 
[INFO] [stdout] 
[INFO] [stdout] error[E0277]: expected a `Fn<(&mut iron::Request<'_, '_>, iron::Response)>` closure, found `Logger`
[INFO] [stdout]   --> src/main.rs:87:22
[INFO] [stdout]    |
[INFO] [stdout] 87 |     chain.link_after(logger_after);
[INFO] [stdout]    |                      ^^^^^^^^^^^^ expected an `Fn<(&mut iron::Request<'_, '_>, iron::Response)>` closure, found `Logger`
[INFO] [stdout]    |
[INFO] [stdout]    = help: the trait `for<'r, 's, 't0> Fn<(&'r mut iron::Request<'s, 't0>, iron::Response)>` is not implemented for `Logger`
[INFO] [stdout]    = note: required because of the requirements on the impl of `AfterMiddleware` for `Logger`
[INFO] [stdout] 
[INFO] [stdout] 
[INFO] [stderr] error: could not compile `pluto`.
[INFO] [stdout] error: aborting due to 2 previous errors
[INFO] [stdout] 
[INFO] [stdout] 
[INFO] [stderr] 
[INFO] [stdout] For more information about this error, try `rustc --explain E0277`.
[INFO] [stdout] 
[INFO] [stderr] To learn more, run the command again with --verbose.
[INFO] [stdout] error: aborting due to 2 previous errors
[INFO] [stdout] 
[INFO] [stdout] 
[INFO] [stderr] warning: build failed, waiting for other jobs to finish...
[INFO] [stdout] For more information about this error, try `rustc --explain E0277`.
[INFO] [stdout] 
[INFO] [stderr] error: build failed
[INFO] running `Command { std: "docker" "inspect" "3682851e9b6d4d4ac6d806ac55f5bec5f6ef0fe0bb07897ee6674cd9423d4507", kill_on_drop: false }`
[INFO] running `Command { std: "docker" "rm" "-f" "3682851e9b6d4d4ac6d806ac55f5bec5f6ef0fe0bb07897ee6674cd9423d4507", kill_on_drop: false }`
[INFO] [stdout] 3682851e9b6d4d4ac6d806ac55f5bec5f6ef0fe0bb07897ee6674cd9423d4507
